3
What is the greatest common divisor of 464770 and 70?
10
What is the highest common factor of 180914 and 10016?
626
What is the greatest common divisor of 51402 and 624?
78
Calculate the greatest common divisor of 60830 and 28.
14
Calculate the greatest common factor of 1696 and 11296.
32
Calculate the greatest common factor of 314709 and 69.
69
Calculate the greatest common factor of 612 and 17772.
12
What is the highest common factor of 15599 and 518872?
821
Calculate the highest common divisor of 20 and 113860.
20
What is the highest common divisor of 2508 and 1012?
44
Calculate the greatest common divisor of 518 and 1344.
14
What is the highest common divisor of 160 and 114640?
80
Calculate the greatest common factor of 544 and 123352.
136
Calculate the highest common factor of 2179110 and 60.
30
Calculate the greatest common factor of 806 and 99541.
403
What is the highest common divisor of 1098633 and 3?
3
What is the highest common divisor of 278152 and 504?
56
Calculate the highest common factor of 20 and 227515.
5
Calculate the highest common divisor of 4695 and 28455.
15
Calculate the greatest common divisor of 1199 and 41747.
109
Calculate the highest common divisor of 309 and 815142.
309
What is the highest common divisor of 2667 and 42291?
381
Calculate the greatest common factor of 228 and 502284.
228
Calculate the greatest common divisor of 272 and 35428.
68
What is the greatest common factor of 88 and 1144?
88
What is the greatest common factor of 200572 and 328?
164
What is the greatest common factor of 1206 and 3747846?
402
What is the highest common factor of 45315 and 11077?
1007
Calculate the greatest common divisor of 20 and 128355.
5
What is the greatest common divisor of 27490 and 200?
10
What is the highest common factor of 39302 and 37474?
914
Calculate the greatest common divisor of 2484 and 732.
12
What is the highest common factor of 2317128 and 201?
201
Calculate the greatest common factor of 733750 and 350.
50
Calculate the highest common divisor of 316 and 1612.
4
Calculate the highest common divisor of 1608 and 5008920.
1608
What is the greatest common divisor of 32 and 162940?
4
What is the highest common factor of 21 and 791875?
7
Calculate the greatest common divisor of 93968 and 80.
16
What is the greatest common divisor of 222 and 2916?
6
Calculate the highest common factor of 25272 and 7709.
13
Calculate the greatest common factor of 150597 and 2088.
261
Calculate the greatest common factor of 37 and 383.
1
Calculate the highest common divisor of 652956 and 228.
12
What is the highest common divisor of 245584 and 16?
16
Calculate the greatest common divisor of 22047 and 249.
3
Calculate the greatest common factor of 243562 and 66.
22
Calculate the highest common divisor of 296 and 46250.
74
What is the greatest common factor of 24886 and 3611?
23
What is the highest common factor of 223340 and 60?
20
What is the greatest common factor of 371280 and 85?
85
Calculate the greatest common divisor of 136 and 219368.
136
Calculate the highest common divisor of 84 and 59010.
42
Calculate the highest common divisor of 718416 and 80.
16
What is the greatest common divisor of 387735 and 75?
15
What is the greatest common factor of 192 and 20088?
24
What is the greatest common factor of 1656 and 2312?
8
What is the highest common factor of 4464 and 225804?
372
What is the highest common factor of 1974 and 306?
6
What is the greatest common factor of 15943 and 35909?
149
What is the greatest common factor of 70 and 14510?
10
Calculate the highest common factor of 15 and 29361.
3
What is the greatest common divisor of 2893 and 199091?
263
What is the greatest common divisor of 5287 and 34?
17
Calculate the highest common factor of 438 and 132422.
146
What is the highest common factor of 1071 and 5899?
17
What is the greatest common divisor of 609580 and 80?
20
What is the greatest common divisor of 3710 and 19080?
530
What is the greatest common factor of 3424 and 3103?
107
Calculate the greatest common factor of 6 and 770466.
6
Calculate the highest common factor of 807 and 2789261.
269
Calculate the greatest common divisor of 7 and 886998.
7
Calculate the highest common factor of 1127 and 13593.
23
Calculate the highest common factor of 46775 and 175.
25
Calculate the greatest common factor of 372 and 18786.
186
Calculate the greatest common factor of 26705 and 218.
109
Calculate the greatest common factor of 1200 and 411225.
75
What is the highest common factor of 2024700 and 150?
150
What is the highest common factor of 84300 and 15?
15
Calculate the greatest common factor of 186 and 9424.
62
What is the highest common divisor of 45 and 36189?
9
Calculate the greatest common factor of 117 and 7574151.
39
What is the highest common divisor of 49200 and 3090?
30
Calculate the greatest common divisor of 786 and 2038884.
786
Calculate the greatest common factor of 109110 and 270.
30
What is the highest common divisor of 1154 and 208297?
577
Calculate the highest common divisor of 2240 and 3680.
160
Calculate the greatest common divisor of 37904 and 19570.
206
Calculate the highest common divisor of 13489 and 13120.
41
What is the highest common factor of 299034 and 18?
18
What is the highest common divisor of 435 and 16733?
29
What is the greatest common factor of 67122 and 4356?
198
What is the greatest common divisor of 1517 and 3737?
37
Calculate the greatest common factor of 22478049 and 1089.
1089
Calculate the highest common divisor of 2388 and 992811.
597
Calculate the greatest common factor of 4838 and 121442.
82
What is the greatest common factor of 3 and 872?
1
Calculate the greatest common divisor of 330 and 772200.
330
What is the highest common divisor of 361344 and 16?
16
What is the greatest common divisor of 12 and 178172?
4
What is the highest common factor of 3745 and 107240?
35
What is the highest common factor of 19494 and 6912?
54
What is the greatest common factor of 29988 and 9384?
204
Calculate the greatest common factor of 127741 and 695.
139
Calculate the greatest common divisor of 29150 and 143.
11
Calculate the highest common factor of 143 and 128.
1
Calculate the greatest common factor of 154 and 34412.
14
Calculate the highest common factor of 4736 and 98944.
128
What is the greatest common divisor of 740 and 1465?
5
What is the greatest common factor of 170 and 15430?
10
Calculate the highest common divisor of 10395 and 298760.
385
Calculate the highest common factor of 3900 and 119925.
975
Calculate the greatest common factor of 11172 and 16.
4
What is the highest common divisor of 52984 and 37?
37
What is the highest common divisor of 4454 and 7276?
34
What is the greatest common factor of 1932 and 106467?
69
What is the highest common factor of 945 and 310?
5
What is the greatest common divisor of 1313610 and 30?
30
Calculate the highest common factor of 16 and 494600.
8
Calculate the highest common factor of 190 and 728270.
190
What is the highest common factor of 45 and 7497?
9
What is the highest common factor of 608 and 2774?
38
What is the greatest common factor of 288 and 417600?
288
What is the greatest common factor of 46 and 14099?
23
Calculate the greatest common divisor of 104 and 3389672.
104
What is the greatest common divisor of 21 and 292593?
21
Calculate the highest common divisor of 825 and 3355.
55
Calculate the highest common divisor of 28272 and 93.
93
Calculate the greatest common divisor of 390502 and 14.
14
What is the highest common divisor of 1512 and 3640?
56
Calculate the greatest common factor of 6 and 113898.
6
Calculate the greatest common factor of 108 and 2853.
9
What is the greatest common divisor of 36403 and 59?
59
What is the highest common factor of 123975 and 957?
87
What is the highest common factor of 123 and 429?
3
What is the highest common factor of 77 and 154363?
11
What is the highest common divisor of 76279 and 17?
17
Calculate the greatest common factor of 61790 and 4676.
334
What is the highest common factor of 70 and 28960?
10
What is the highest common divisor of 5640 and 8360?
40
Calculate the greatest common factor of 1128 and 160364.
188
Calculate the greatest common factor of 347557 and 49.
49
What is the highest common fact